l.
11
Let x = 488 - 326. Let b be 36/x - 133/(-9). What is the highest common factor of 15 and b?
15
Let f(x) = -x + 9. Let z be f(-13). Let y(j) = 25*j**2 + 69*j + 16. Let k be y(-10). Calculate the highest common factor of z and k.
22
Let t be 3 + (-52)/16 - 12365/(-4). Let q be (t - 0*(-2)/(-6)) + 3. Let c be (-2)/11 + q/77. What is the greatest common factor of 16 and c?
8
Let h be 44668/(-39)*-1 + (16/3)/(-4). What is the greatest common divisor of 99 and h?
11
Let m = 39 + -34. Suppose -c + c = -c. Suppose c = g - 53 - 12. What is the highest common factor of m and g?
5
Let h(f) = 2*f**2 - 2*f**2 - 6*f**2 + 3*f - 3 - f**3 + 2*f**3. Let w be h(6). Let u be -10*11/(-22)*2. Calculate the greatest common divisor of u and w.
5
Let o = 21821 - 19412. What is the greatest common factor of o and 146?
73
Let p(h) = -65*h**3 - 17*h**2 - 61*h + 10. Let z be p(-5). Calculate the highest common divisor of z and 105.
35
Let v = 36 + -34. Suppose -130 = -2*k + v*i, -6*i = 2*k - 9*i - 126. What is the greatest common divisor of k and 207?
69
Let k(l) = l**2 - l + 24. Suppose -5*w + 10 = -2*v - 46, 2*v - w + 72 = 0. Let n = 38 + v. Let a be k(n). What is the highest common divisor of a and 32?
8
Let k(z) be the first derivative of -26*z**2 + 15*z + 90. Let l be k(-3). What is the greatest common divisor of l and 19?
19
Suppose -208 = 2*l - 6*l. Let v be (6 - 5/1)*3. Let y be (9/(-6) + v)/3*26. What is the highest common factor of y and l?
13
Suppose -38*g = -35*g. Let k(b) = -b**3 - b**2 + 22. Let f be k(g). Let m = -23 - -56. What is the highest common factor of f and m?
11
Let n be (-1 - -1)/(-1) - (19 - 570). Suppose 0 = 2*i - 683 + n. What is the greatest common divisor of 594 and i?
66
Suppose -l + 5*g = -80, 28*l - 26*l - 2*g - 200 = 0. Suppose -5*b = -316 + 21. Suppose -3*h + b = -4. Calculate the greatest common factor of l and h.
21
Let u = 4315 + -4278. Calculate the greatest common factor of u and 2.
1
Let k(c) = 262*c + 4162. Let q be k(-15). What is the highest common factor of 2146 and q?
58
Suppose -4*g + 2*s = -1630, -541 = -g + s - 133. Suppose 362*u - 7154 = -5881 + 12121. Calculate the highest common divisor of u and g.
37
Suppose 2*d = 2*k - 74, -135 = 4*k - 3*d - 290. Calculate the highest common factor of 4224 and k.
44
Let f(s) = 4 + 1 - 7*s + s + 5*s. Let d(r) = r - 6. Let k(x) = -5*d(x) - 6*f(x). Let i be k(2). What is the greatest common divisor of 18 and i?
2
Let l be (-9)/3 - -6 - (-420 + -13). Calculate the greatest common factor of l and 8.
4
Suppose 72 + 24 = -6*m. Let g = 33 + m. Suppose 6*z - g = -3*n + z, -2*n = z - 9. What is the highest common divisor of 28 and n?
4
Suppose -3*j + g + 3194 = 0, 5*j - 10*j - 5*g = -5310. What is the highest common factor of 2280 and j?
152
Suppose -3*f - 40 = -97. Let w = -8 - f. Let y = w - -42. What is the highest common factor of 3 and y?
3
Suppose 21*t - 557 = -32. Let j(g) = g**2 - 28*g + 79. Let l be j(t). Calculate the highest common divisor of l and 58.
2
Suppose -m + 13 = -2*m - 4*u, 2*m + u = -40. Let g = m - -36. Let f = 77 - 17. What is the highest common divisor of g and f?
15
Suppose 23*z = -98347 + 270180. What is the highest common factor of z and 124?
31
Let m = -83 - 70. Let z = m - -192. Calculate the highest common divisor of 351 and z.
39
Let f(p) = -p**2 + 72*p + 589. Let r be f(79). Calculate the greatest common divisor of r and 1692.
36
Let x = -7945 - -7966. What is the highest common divisor of x and 13839?
21
Suppose -6*x = -x + 15, o + 511 = -5*x. Let k be (o/6)/(0 - 9/27). Calculate the greatest common divisor of 8 and k.
8
Let t = -6 - -13. Suppose -3*k + 15 = 3*b, -t = k - 2*b + 3. Suppose k = 3*c - c - 22. What is the highest common factor of 1 and c?
1
Let p be (-93 + -2)/(-2 - -1). Let b = 225 + -298. Let f = 78 + b. What is the highest common divisor of p and f?
5
Let n be 116/16 - 2/8. Let f be n - (-1251)/72 - 6/16. Calculate the highest common divisor of 540 and f.
12
Let d be (-189)/21*15/(-10)*2/9. What is the highest common divisor of 1 and d?
1
Let j = -109 + 113. Let r be (-7)/(j - 11)*5. What is the highest common divisor of r and 160?
5
Suppose i - 175 - 498 = 0. Let h = i - 607. Calculate the highest common divisor of 44 and h.
22
Let u(p) = -38*p + 1028. Let q be u(19). Let o be 45/6*(-36)/(-15). Calculate the highest common factor of q and o.
18
Let z be 38 - (-1 - -5 - (6 + 0)). Let h(q) = -q**2 + 5*q + 4. Let j be h(5). Suppose -j*b - z = -9*b. What is the greatest common divisor of 2 and b?
2
Let r(d) = -3*d**2 + 29*d - 1. Let f be r(8). Suppose 5*l + 14 = f. What is the highest common factor of l and 10?
5
Let p be 8/16*2 + -16. Let l be 5*18/p + 42. Calculate the highest common divisor of 198 and l.
18
Let h(f) = -11*f**3 + 5*f**2 + 82*f + 388. Let b be h(-8). Calculate the highest common factor of 464 and b.
116
Let g(z) = -z**3 + 7*z**2 + 2*z + 12. Let c be g(7). Suppose 78 = 3*k - 4*d, 0 = -5*k + 3*d - 2*d + 130. What is the highest common factor of c and k?
26
Suppose 17*s - 898 = -4*y + 19*s, 2*s = 2*y - 444. Let f = 288 - y. What is the highest common divisor of 366 and f?
61
Let q = -16 - 10. Let a(f) = -f**3 - 24*f**2 + 50*f - 40. Let v be a(q). What is the highest common divisor of v and 15?
3
Let o = -328 + 313. Let j be (10/6)/(o/(-5805)). What is the greatest common factor of j and 15?
15
Let g = -102 + 106. Suppose -o - 2*i = -g, 14*i = -2*o + 11*i + 13. What is the highest common divisor of o and 294?
14
Suppose 112387 = -42*h + 338557. What is the greatest common factor of 30 and h?
15
Let g(x) = 3*x**3 - 3*x**2 + 7*x - 5. Suppose -31 = -6*h - 19. Let c be g(h). What is the highest common divisor of c and 63?
21
Let n(k) = -60*k + 309. Let l be n(4). What is the highest common divisor of 69 and l?
69
Let o be 7 + (1/4 - (-153851)/548). What is the highest common divisor of 18 and o?
18
Suppose -73920 = 1025*k - 1165*k. What is the greatest common factor of 11440 and k?
176
Suppose 0 = -0*f + 2*f - 236. Suppose -10*s + 92 + f = 0. Let q = 340 + -151. What is the highest common divisor of q and s?
21
Let m(j) = -2 + 84*j - 3 + 3 + 3. Let g be m(2). Let t = g - 91. What is the greatest common factor of t and 52?
26
Suppose 1273 = 3*q + 4*y - 170, 0 = -y. What is the highest common factor of 117 and q?
13
Let m(p) = p**3 - 36*p**2 + 33*p + 17. Let n be m(37). What is the greatest common divisor of 33 and n?
33
Let q(w) = 199*w - 2144. Let i be q(11). Suppose -2*k + 1041 = 3*o, -5*o - k + 1737 = 3*k. Calculate the greatest common factor of o and i.
15
Let y(f) = -f**3 - 23*f**2 + 58*f + 872. Let u be y(-24). Calculate the greatest common factor of u and 1372.
28
Suppose 33*v - 1320 = 25*v. Let w be (-48)/(-10) - 4 - 483/(-15). What is the greatest common factor of v and w?
33
Let m = 105 - -39. Let b = -3607 + 3643. What is the greatest common factor of b and m?
36
Suppose -22377*m + 22405*m = 43540. What is the highest common factor of 25 and m?
5
Let l = -382 - -238. Let f = l + 164. What is the highest common factor of 4 and f?
4
Suppose 3*r - 23*r = -400. Suppose 10 - 34 = -4*q. Let z be q*9/(108/40). What is the highest common factor of z and r?
20
Let p(j) = 3*j**2 - 3*j - 20. Let k = -287 + 283. Let g be p(k). Calculate the highest common divisor of 15 and g.
5
Let a(l) = -98*l + 62. Let m be a(1). Let z(q) = q**3 - 3*q + 5. Let p be z(-4). Let c = m - p. What is the greatest common factor of 1 and c?
1
Let v be (12/(-9))/((-901)/180 + 5). Suppose -18*u + 10*u = -v. Calculate the greatest common divisor of u and 70.
10
Suppose -q = 5*m - 21 - 6, 20 = 2*m + 5*q. Suppose -3*w + m*u + 156 = 0, 6*w = 7*w - u - 50. Calculate the greatest common divisor of 47 and w.
47
Let p(k) = -k**2 - 22*k + 59. Let i be p(-19). Let o = i - 93. Calculate the greatest common divisor of 437 and o.
23
Suppose 23*m - 25*m + 122 = 0. Suppose 102 + 142 = o. Calculate the greatest common factor of m and o.
61
Let n be (-11)/((-40)/(-7 - 3) - (-6234)/(-1558)). What is the highest common factor of 418 and n?
209
Let f = -496 - -273. Let q = f - -271. What is the highest common factor of 6 and q?
6
Suppose -12 = 2*z - 40. Let q be 541 + (3 - 1) - (-6 + 3). Calculate the greatest common factor of z and q.
14
Suppose -39*k = -37*k - z - 31, -2*